
Let a = -17 + 19. Suppose -k - a*k = 0. Suppose -3*m + 115 + 167 = k. What is the tens digit of m?
9
Let k = 80144 + -47840. Suppose -k - 1621 = -25*z. What is the units digit of z?
7
What is the thousands digit of (-308532)/(-36)*3 - 18?
5
What is the thousands digit of (-1)/(-2)*0 - (-217543)/83?
2
Let u(q) = 1782*q + 4499. What is the ten thousands digit of u(23)?
4
Suppose -66 = 2*u + 186. Let h = 126 - u. Suppose 7*m = 4*m + h. What is the units digit of m?
4
Suppose -30*d + 28*d + 10 = 0. Suppose -6*z = d*z - 297. Let f = 228 + z. What is the units digit of f?
5
Suppose 17 = 4*h + 5*v, -h - 4*v = 4*h - 10. What is the units digit of 2035/11*(h/(-1) + -1)?
5
What is the tens digit of ((-36)/54 + (1 - -1))*(-176874)/(-8)?
7
Suppose 5*q - 485*x - 107294 = -481*x, 107298 = 5*q - 3*x. What is the hundreds digit of q?
4
Let p(g) = 755*g**2 - 80*g - 240. What is the units digit of p(-3)?
5
Let n = -72 + 92. Let c(k) = -k + 20. Let b be c(n). Suppose 4*l - l - 3*p - 156 = b, -l - 5*p + 40 = 0. What is the tens digit of l?
5
Let v be (-104)/(-39)*855/10. Let t = 317 - v. What is the units digit of t?
9
Let n be (16995/5 - 6) + 1. Suppose -18*t + n = -16*t. What is the thousands digit of t?
1
Suppose 6*n - 7*n = -4*k + 20657, -3*n + 10325 = 2*k. What is the units digit of k?
4
Let p(o) = 206*o + 33. Let c(u) = -52*u - 8. Let a(y) = 9*c(y) + 2*p(y). Let m be a(1). Let h = m + 84. What is the units digit of h?
2
Let d(m) = 3419*m**2 - 19*m - 22. What is the thousands digit of d(3)?
0
Let f(z) = z**3 + 3*z**2 - 3*z + 7. Let l be f(-4). Let v = l - -1. Suppose -v*u + o + 167 = 6*o, -2*u = 5*o - 81. What is the tens digit of u?
4
Let w be (0 - 1)*(-40)/(-30)*-3. Let r = -225 + 399. Suppose -w*p + 34 + r = 0. What is the tens digit of p?
5
Let j(b) = 6*b - 63. Let z be j(16). Suppose -z*n - 22308 = -59*n. What is the hundreds digit of n?
8
Suppose -4*u - 28 = -2*x, 2*x - 2*u - 2 = 30. Suppose 5333 = x*d - 2497. What is the hundreds digit of d?
4
Let r = 15 + 107. Let q = 127 - r. Suppose -8*y + 523 = -4*y + q*a, 2*y - a - 279 = 0. What is the units digit of y?
7
What is the ten thousands digit of 33/99 + (-8)/6 + 2*8141?
1
Suppose -6*h + 3 + 9 = 0. Let z(j) be the second derivative of 46*j**3/3 - 5*j**2/2 - 18*j. What is the hundreds digit of z(h)?
1
Let z be 110/7 + (2 - 48/28). Suppose -13*h + z*h - 1812 = 0. What is the tens digit of h?
0
Suppose -6*c - 8832 = -420. Let h = 45 - c. What is the thousands digit of h?
1
Let d(o) be the second derivative of -o**5/20 - o**4/12 + o**3/6 + 56*o**2 + 9*o - 1. What is the units digit of d(0)?
2
Let q(j) = -3*j**2 - 3*j - 35. Let g(i) = 13*i**2 + 14*i + 139. Let w(t) = -2*g(t) - 9*q(t). What is the hundreds digit of w(18)?
3
Suppose -18*x + 24*x - 96 = 0. Suppose 0 = -x*r + 20*r - 736. What is the units digit of r?
4
Let u = 74023 - 50345. What is the units digit of u?
8
Let u(a) = a**3 + 6*a**2 - 5*a + 6. Let y be u(-7). Let x be y/(-6) - (-161)/21. What is the tens digit of (-3 - (3 - x)) + 64?
6
Let i(c) = -403*c**3 - 3*c**2 + c + 3. Let l = 4 - 5. What is the hundreds digit of i(l)?
4
What is the thousands digit of 27567*(7*15/63 - 1)?
8
Suppose 13*l - 8*l = 2*g + 29, -5*l = -4*g - 33. What is the hundreds digit of ((-12215)/50 - l/25)*-2?
4
Let y = -68 - -68. Suppose y = -7*d + 2051 - 42. What is the tens digit of d?
8
What is the units digit of (-11443)/(-17) - (-128)/(-1088)?
3
Let r(u) = 25*u**3 + 20*u - 21. Let a be r(1). Suppose 3911 = -a*b + 20423. What is the tens digit of b?
8
Let b = 55412 - 35681. What is the thousands digit of b?
9
Suppose -58*v = -21*v - 515225. What is the thousands digit of v?
3
Let w be 1 + (-1 - 0/(-1)). Suppose 0 = y - w*y - 3. Suppose -y*c - 4*a + 24 + 213 = 0, -2*c + 2*a + 158 = 0. What is the units digit of c?
9
Let u(n) = -587*n + 6255. What is the tens digit of u(-19)?
0
What is the units digit of ((-77128)/24 - 27)*(0 + (-9)/2)?
3
Suppose 4*o = 2*w - 116, 0 = 5*o - 4*w + 8*w + 158. Let q be (o/(-12))/(1/2). Suppose 105 = 4*v + 3*n, q*v - 121 - 10 = -4*n. What is the units digit of v?
7
Suppose 6*s - 4*p - 363478 = 0, 2*s - 121164 = -1507*p + 1506*p. What is the tens digit of s?
8
Let r = 14697 + -12275. What is the hundreds digit of r?
4
What is the hundreds digit of (2775/148)/(3/1076)?
7
Let w be (-2)/(-10) + (-81)/(-45). Suppose -4 = 2*a, c + a + 2 - 4 = 0. What is the hundreds digit of (-2)/c + 209/w?
1
Let g = -20152 - -10594. Let a be ((-1)/2)/((-27)/g). What is the units digit of 3/(-6) + a/(-6)?
9
Let n(x) = x - 1. Let b be n(6). Suppose -k = -0*k + b*h + 8, -k - 8 = 3*h. What is the tens digit of ((-12)/(-5))/(k/(-280))?
8
Let x be (-5 - 94/(-18)) + (-50)/(-18). Suppose 14*c = 13*c + x. Suppose -53 = -3*m + a + 96, c*a + 15 = 0. What is the units digit of m?
8
Suppose -4*l = 3*j - 28, 4*l + 0*l = -2*j + 24. Suppose -5*v - 4*t = -142, -l*v + 42 + 53 = -3*t. Let x = v - -21. What is the units digit of x?
7
Suppose -4*h + 2*h + 28 = -3*a, -8 = h + 4*a. Let s be (-1 + 0)/(h/(-8)). What is the tens digit of s/(-2)*(-346 + 6)?
7
Suppose 8*l - 4*b = 5422 + 5202, 2*l - 2656 = -2*b. What is the tens digit of l?
2
Suppose -49 + 7 = 14*y. What is the hundreds digit of y/(-2)*(-25410)/(-99)?
3
Suppose 4*a = 5*y - 197116, -2*y + 4*a + 35751 = -43081. What is the thousands digit of y?
9
What is the units digit of (-29224)/(-9) + 0 - 4/36?
7
Suppose 77 = 5*y + 787. Let n = y + 1069. What is the hundreds digit of n?
9
Let x(c) = 161*c**3 + 6*c**2 + c + 43. What is the units digit of x(4)?
7
Let n be 9 + ((-6)/3 - -4). Suppose 0 = -n*x + 6*x + 1845. What is the tens digit of x?
6
Let k(f) = -711*f**2 - 10*f - 12. Let s be k(-1). What is the tens digit of 58 + -57 - s/1?
1
Let q(i) = -2*i**2 - 17*i + 6. Let b be (-4)/(-8) - (-34)/(-4). Let c be q(b). What is the tens digit of 1464/c + 16/(-28)?
0
Let t be (-4)/16 + ((-19395)/12)/3. Let p = -263 - t. Let q = p - 135. What is the hundreds digit of q?
1
Suppose -65*i + 415311 = 56706. What is the hundreds digit of i?
5
Suppose -4*d + 8 = 4*z - 24, 2*z + 14 = 4*d. Let i be 7/(-4)*(1 - -1) + (-2200)/(-16). Suppose 47 = w - t + 4, 2*t + i = z*w. What is the units digit of w?
8
Suppose -12*j + 28 = -3*h - 8*j, 4*h = -5*j - 89. What is the thousands digit of ((-136)/h - 9)*-3524?
1
What is the units digit of ((-813498)/(-56))/21*4?
7
Let p(b) = 3738*b**2 + 259*b - 1. What is the tens digit of p(-2)?
3
Let m be (10/(-6))/((-175)/(-630)). What is the units digit of 12/(-9)*236*9/m?
2
Suppose -b = 3*d - 3*b + 271, 5*d + 453 = 3*b. Let m be (-24)/180 - 467/(-15). Let y = m - d. What is the hundreds digit of y?
1
Let u(i) = -i**3 + 3*i**2 + 12*i - 33. Let j(z) = z**3 - 2*z**2 - 11*z + 32. Let r(w) = -2*j(w) - 3*u(w). What is the units digit of r(7)?
5
Suppose -2376602 - 2349006 = -116*n. What is the hundreds digit of n?
7
Suppose 4*c = 3*c + 5*c. Let r be (-2)/(-8)*c - -3. Suppose 2*q + r*w - 5 - 10 = 0, 0 = q - 4*w - 13. What is the units digit of q?
9
Let x(m) = -15*m**2 - 5*m + 9. Suppose h + 5*l + 10 = -4*h, l + 1 = 0. Let y(j) = -j**2 - j + 1. Let r(i) = h*x(i) + 6*y(i). What is the tens digit of r(3)?
7
Let c be (2/(-25)*-235)/((-1)/(-25)). Suppose d = -73 + c. What is the hundreds digit of d?
3
Let g be (-782)/(-238) - 2/7. Let n(r) = r - 3. Let l be n(g). Suppose -s + 2*v + 132 = -0*s, l = -v + 4. What is the tens digit of s?
4
Let p(u) = -u**2 + 81*u + 302. What is the units digit of p(69)?
0
Suppose 4*k + k - 15 = 0. Suppose 0 = -4*t - 3*l + 63, -5*t - 12 = -5*l - 117. Suppose -429 - t = -k*v. What is the units digit of v?
9
Let f = -44 - -46. Suppose -n + 3*n = -j + 2, -3*n = f*j + 1. What is the tens digit of j/3*(-408)/32?
3
Let h(p) = 38*p**2 + 199*p + 2724. What is the tens digit of h(-14)?
8
Suppose 478*o - 599*o + 7926226 = 0. What is the units digit of o?
6
Let s = -103 + 203. What is the hundreds digit of (-125)/s + 2802/8?
3
Suppose 98*m = 9*m + 673819. What is the units digit of m?
1
Suppose -7*w + 15*w - 24 = 0. Suppose 65 = -w*l + 16*l. Suppose l*t - 77 = 383. What is the tens digit of t?
9
What is the ten thousands digit of 5128*14 - (-2)/(-3)*(-87)/58?
7
Let r(t) = -t**3 - 13*t**2 + 3*t + 22. Let k be r(-12). Let x(f) = 3*f**3 + 5*f**2 - f + 4. Let l be x(-4). Let w = l - k. What is the tens digit of w?
5
L